 - 0*m - 3*m. What is the units digit of x?
3
Let a = 37 + -24. What is the units digit of a?
3
Suppose 5 = 3*c + 2*c. What is the units digit of (-1 - c) + 18/3?
4
What is the tens digit of ((0 - 27) + 6)*-6?
2
What is the hundreds digit of ((-13)/(-3))/(((-12)/(-234))/2)?
1
Let t(q) = 10*q - 1. Let z be t(5). Suppose -5*j + 171 = 3*r + z, -2*j + r = -40. What is the tens digit of j?
2
Let v(l) = -10*l + 2. Let b be v(-2). Let y = b + 0. What is the tens digit of y?
2
Suppose -44 = 4*g - 4*c, -7*g + 5*g - 4*c = -8. What is the units digit of 209/9 + g/27?
3
Suppose 1066 = 4*w - 2*k, -24 + 9 = -5*k. Suppose -5*l - 93 = -w. What is the units digit of l?
5
Suppose -u + 2 = -3*t - 1, 3 = -t. Let y(q) = -4*q + q + q. What is the units digit of y(u)?
2
Let h(c) = c - 3 + 0 + c**3 + 0*c**2 + 4*c**2. Suppose -3*q - 5*k - 14 = 0, -5*k - 20 = 5*q - 0*k. What is the units digit of h(q)?
3
Let d = -8 - -4. Let l be d*((-3)/(-3) - 2). What is the units digit of (l + -2)/(2/4)?
4
Let y(l) = l + 1. Let u be y(-1). Let q be ((-60)/(-9))/(2/12). Suppose 5*o = -u*o + q. What is the units digit of o?
8
Suppose 0*q - 3*q + 9 = 0. Suppose 17*u = 16*u + q. What is the units digit of u?
3
Let j = 13 + -8. Suppose j*q - 80 = -0*q. What is the units digit of q?
6
What is the tens digit of 15 - (-4 + -2 - -3)?
1
What is the units digit of 1 - (-279 - -3)/4?
0
Let d(p) = -3*p - 7. Let a be d(-4). Let h(o) = 2*o**2 - 4*o - 7. What is the tens digit of h(a)?
2
What is the units digit of 8/(-40) - (-96)/5?
9
What is the tens digit of 462/6 - (1 + (-1 - 0))?
7
Suppose 2*t = 6*t - 16. Suppose -5*b + t*b = -10. What is the units digit of b?
0
Suppose 4*i - i = -222. Let p = i + 125. What is the units digit of p?
1
Suppose 5*o - a - 11 = 0, 3*o - a - a = 1. Suppose 3 = -2*t + o*t. Suppose -3*m + 0*m = -t. What is the units digit of m?
1
Let i = 3 - 3. Suppose 4*b = -i*b + 48. What is the units digit of b?
2
Suppose -3*x + 2*d + 3 = -64, -x - 1 = 4*d. What is the tens digit of x?
1
Let j(p) = 15 - p**3 + 7*p + p - p + 10*p**2 + 4*p. What is the units digit of j(11)?
5
Let z(u) be the first derivative of 4*u**3/3 - u**2/2 - 1. What is the units digit of z(2)?
4
Suppose f - 5*f + 308 = 0. What is the tens digit of f?
7
Suppose -2*o = -v + 7, 2*v = o + 14 + 9. Suppose 5*l - 88 = -v. Suppose -3*g + l = -0. What is the units digit of g?
5
Let p(k) = k - 2. Let j(s) = -2*s + 5. Let u(m) = -2*j(m) - 7*p(m). Let y be u(-5). Let r = y - -1. What is the tens digit of r?
2
What is the units digit of (-714)/(-7)*3/6?
1
Suppose -u - 104 = u. Let i = 82 + u. What is the tens digit of i?
3
Suppose -5*a - 16 - 14 = 0. Let o = -3 - a. Suppose -o = -j, 0 = -2*s - 2*j + 18. What is the units digit of s?
6
Suppose -p + 10 = -4*l, 8 = -3*l - 7. What is the tens digit of 0 + -1 + (-370)/p?
3
What is the units digit of 1564/153 + 40/(-18) + 2?
0
Suppose 0*a - 3*a = 30. Let d = -5 - a. Suppose 3*m - d*p + 10 = 0, 3*m + 0*p - 3*p = 0. What is the units digit of m?
5
Let h = -16 + 24. Let v = -1 + h. What is the units digit of v?
7
Suppose 4*n = -5*x + 411, 0 = -6*n + n - 3*x + 504. What is the units digit of n?
9
Let b = -17 - -22. What is the units digit of b?
5
Suppose 4*i = 4*d + 16, -5*d + 7 + 0 = -2*i. What is the units digit of i?
9
Let j(f) = f + 1. Let q be j(9). Suppose -q + 4 = -2*n. What is the units digit of n?
3
Suppose 3*i - 2 + 0 = -4*g, 2*g + 2 = 0. Let c be i/11 - (-86)/11. Suppose t - 4*t + 5*s + c = 0, -2*t - 5*s = 3. What is the units digit of t?
1
What is the tens digit of (11/3)/((0 - 1)/(-63))?
3
Let t be (-14)/(-63) - 68/(-18). Suppose 0 = -t*y + 19 - 7. Suppose -8 = -5*h - s + 15, -y*h + 6 = -2*s. What is the units digit of h?
4
Let s be -13*(2 + -1)*-1. Suppose o = 3*a - 9, o + 9 = 4*a - 3. Suppose 0*n + 39 = a*n + 4*u, u = -n + s. What is the tens digit of n?
1
Let u(w) = 1 - 5*w + 1 + 2*w + 1. What is the units digit of u(-4)?
5
Suppose 5*v - 33 - 188 = -3*d, v = -5*d + 405. What is the tens digit of d?
8
Let u = -11 + 27. Let t(g) = 6*g + 4. Let s be t(7). Suppose -s = -5*z - u. What is the units digit of z?
6
Let u = 10 - -91. What is the units digit of u?
1
Let s = -62 + 87. What is the units digit of s?
5
Suppose 4*y + y - 20 = 0. Suppose -4*u = 2*g - 122, -5*u = -2*g + y*g - 154. What is the tens digit of u?
3
Let k be 2/7 - (-235)/35. Let a(u) = -u**3 + 6*u**2 + 7*u - 8. Let h be a(k). What is the units digit of -4*1*10/h?
5
Let u be ((-8)/(-6))/((-4)/(-6)). Let v be ((-16)/10)/((-12)/30). Suppose y - u*y + v = 0. What is the units digit of y?
4
Let i = -11 - -27. Suppose 2*x - i = 3*w - 2*w, -2*x + 16 = -3*w. What is the units digit of x?
8
What is the units digit of -35*3*3/(-9)?
5
Suppose -3*x + 4*x - 3*h = 327, -x - h = -331. What is the units digit of x?
0
Let u(i) = 56*i**2 + 2*i - 3. What is the units digit of u(1)?
5
Let q(j) = -j**2 - 3*j + 1. Let z be q(-2). Suppose 5*l + 23 = 2*p - 6, 4*p - 23 = z*l. Suppose o + 12 = 3*h - 0*o, p*h = -2*o. What is the units digit of h?
3
Suppose -5*b - 9 = -309. Suppose -b = -g - 16. Suppose 3*h + t = 6*t + g, 0 = -h - 4*t + 9. What is the units digit of h?
3
Let l = 43 + 20. What is the tens digit of l?
6
Suppose 0 = -5*r + 4*q + 280 + 145, q + 173 = 2*r. What is the tens digit of r?
8
Suppose -4*h + 67 = -29. Let l = h + -14. What is the units digit of l?
0
Let m = 20 - 11. Suppose 0 = -k - 5, -m = -q - 3*k + 2*k. What is the units digit of q?
4
Let s(u) = -u**2 - 9*u + 6. Let q be s(-7). Suppose 0*c = 2*c - q. What is the units digit of c?
0
Let n = -4 - -2. Let c = n - -5. Suppose -3*u - 3 = -3*g, -17 = -0*u - c*u - 2*g. What is the units digit of u?
3
Suppose 0 = -5*d + 15, 2*l - 4*d + 2 = 3*l. Let w(a) = -a**2 - 9*a - 12. Let v be w(-8). What is the units digit of (-3)/(-6) + l/v?
3
Suppose -h - 100 = -6*h. What is the units digit of (-6)/(-10) - (-128)/h?
7
Suppose 0 = -2*s - 3*s - 15. Let l = s + 5. Let i = l - 0. What is the units digit of i?
2
What is the tens digit of (-3)/(-18)*309*2?
0
Suppose 2*z = 4*z - 10. Suppose -z*q + 4*q - 60 = -2*a, 2*q = -4*a + 104. What is the tens digit of a?
2
Suppose 0 = -3*f - 3*i - 21, -5*f = -6*i + 5*i + 35. Let t = -4 - f. What is the units digit of t?
3
Let h(s) = -s**2 + 2*s - 2. Let p be h(1). What is the units digit of (1 + p - -1) + 35?
6
Let u(v) = -v**2 - 16*v - 2. Let h be u(-15). Suppose -18 - 7 = -5*z. Suppose -o = 2*g - 0 - h, -z*g + 43 = -o. What is the units digit of g?
8
Let f(q) = q**2 - 8*q + 12. Let r be f(7). Suppose -4*g = -4*w - 100, -r*w = -2*g - 7*w + 38. What is the tens digit of g?
2
Let z = -211 + 368. What is the hundreds digit of z?
1
Let m(c) = -c + 11. Let x be m(9). Suppose v = -x*v + 18. What is the units digit of v?
6
Let a be (2 - 6/(-3)) + 2. Suppose -4*b + a*b = -j - 21, 4*j + 64 = -3*b. What is the units digit of 2/4 - j/2?
7
Suppose -3*w + 2*w = 2*x - 87, -336 = -4*w - 5*x. What is the units digit of w?
9
Let l(z) = z - 10. Let t(k) = 3*k - 9. Let a be t(7). What is the units digit of l(a)?
2
Suppose 0 = -3*l + l - p + 13, 0 = -l - 5*p + 29. Suppose 0 = -l*a - 51 + 147. Let b = -14 + a. What is the units digit of b?
0
Let w = -1 + 10. What is the units digit of w?
9
Suppose 4*x + 2*s = -2, -3*x - 19 = -0*s + 5*s. What is the units digit of x - (-2 - 1) - 3?
2
Suppose 5*v - 813 + 1960 = 4*a, 3*v - 1480 = -5*a. What is the units digit of a?
3
Let z = 0 + 2. What is the units digit of -3 - (-2)/z*26?
3
Suppose -5*p + 687 = c, -p = 4*c - 0*c - 126. What is the tens digit of p?
3
Let u = 2 - 3. What is the units digit of 4/(-2) + (-8)/u?
6
Let l(i) = -i - 9. Let v be l(-9). Suppose v = -0*x - 5*x + 25. What is the units digit of x?
5
Let d(q) = q**3 - q**2 - q - 2. Let z be d(2). Suppose 0 = -z*w + 2*w + 14. Let r(l) = l**3 + 8*l**2 + 6*l + 10. What is the tens digit of r(w)?
1
Suppose -a = -5*z + 20, -3*a - 2*z + 2 = -6. Suppose a*q = -4*q + 36. What is the units digit of q?
9
Suppose -2*r = -4*r + 60. What is the units digit of r?
0
Let l(d) = 3*d**3 + d**2 - 4*d - 1. What is the units digit of l(3)?
7
Let d be 0 + -18*(-2)/4. Suppose 3*x + 2*i - 40 = 0, 0 = 5*x + 2*i - 81 + d. What is the tens digit of x?
1
Suppose -4*l + 30 = -18. Suppose 85 = 5*a + 3*b, -2*a - 3*b = -55 + l. What is the tens digit of a?
1
Let w(h) = h**3 + 8*h**2 + 6*h 